e the greatest common divisor of 7125 and 111750.
375
Calculate the highest common factor of 3 and 1447503.
3
What is the highest common divisor of 1038600 and 840?
120
Calculate the highest common factor of 460341 and 63.
63
Calculate the greatest common factor of 70917 and 231.
231
Calculate the highest common factor of 236486 and 424.
106
Calculate the greatest common divisor of 416 and 221.
13
What is the greatest common divisor of 54207 and 171?
171
What is the highest common factor of 418 and 245404?
38
What is the greatest common factor of 441 and 40761?
63
Calculate the highest common factor of 768 and 3228.
12
Calculate the greatest common divisor of 288 and 1251.
9
Calculate the greatest common divisor of 10872 and 756.
36
Calculate the highest common divisor of 35301 and 533.
41
Calculate the highest common factor of 1324479 and 52.
13
Calculate the greatest common divisor of 1892 and 5588.
44
What is the highest common factor of 1472 and 2389056?
1472
Calculate the greatest common factor of 130 and 9386.
26
Calculate the greatest common factor of 598 and 157456.
26
What is the highest common divisor of 77832 and 85698?
414
What is the highest common factor of 62376 and 13248?
552
What is the greatest common divisor of 1188 and 8172?
36
Calculate the highest common divisor of 165 and 45510.
15
What is the greatest common factor of 49 and 6616715?
49
Calculate the greatest common divisor of 1769 and 5002.
61
What is the highest common factor of 2128 and 593256?
152
What is the highest common factor of 328 and 64534?
82
Calculate the greatest common factor of 12 and 33828.
12
Calculate the greatest common factor of 2961 and 687281.
329
What is the highest common divisor of 24059 and 11293?
491
What is the greatest common factor of 36 and 6384?
12
What is the greatest common factor of 17222 and 55699?
109
Calculate the greatest common factor of 667 and 13108.
29
What is the greatest common divisor of 500 and 15316500?
500
What is the greatest common factor of 318640 and 175?
35
What is the highest common divisor of 122 and 1169614?
122
Calculate the greatest common factor of 41511 and 5343.
411
What is the highest common divisor of 231 and 310849?
77
Calculate the highest common divisor of 1645 and 44744.
329
What is the greatest common factor of 41 and 1634219?
41
Calculate the highest common divisor of 150822 and 378.
378
What is the highest common factor of 64 and 77888?
64
What is the highest common factor of 6980 and 460?
20
Calculate the greatest common divisor of 4161 and 15105.
57
Calculate the greatest common divisor of 25499 and 731.
43
What is the highest common divisor of 26 and 889824?
26
What is the highest common divisor of 516 and 1079601?
129
Calculate the greatest common divisor of 328 and 294954.
82
What is the highest common factor of 6867 and 882?
63
Calculate the greatest common factor of 788 and 74.
2
What is the highest common divisor of 451 and 88?
11
What is the highest common factor of 430 and 1437490?
430
What is the highest common factor of 68 and 195738?
34
Calculate the greatest common divisor of 7711 and 8371.
11
What is the greatest common factor of 20 and 5385760?
20
What is the greatest common divisor of 952 and 2702?
14
What is the greatest common divisor of 8037954 and 894?
894
What is the highest common divisor of 66 and 232738?
22
What is the highest common factor of 55 and 279?
1
What is the greatest common factor of 1728 and 574848?
576
What is the highest common divisor of 105359 and 2?
1
What is the greatest common factor of 1606 and 12483?
73
Calculate the highest common divisor of 18 and 8415.
9
What is the greatest common factor of 55368 and 288?
72
Calculate the highest common divisor of 243782 and 8.
2
What is the greatest common divisor of 17 and 50507?
17
What is the greatest common factor of 2592 and 1604?
4
Calculate the greatest common divisor of 17485 and 325.
65
What is the greatest common divisor of 1254 and 78318?
114
What is the greatest common factor of 22908 and 156?
12
Calculate the highest common divisor of 249480 and 3267.
297
Calculate the highest common factor of 8 and 400120.
8
What is the highest common factor of 2871 and 26202?
33
Calculate the highest common divisor of 19474 and 994.
14
Calculate the highest common divisor of 3178386 and 108.
54
What is the greatest common divisor of 124891 and 611?
13
What is the highest common divisor of 486996 and 348?
12
What is the greatest common factor of 792 and 441792?
72
Calculate the highest common factor of 40108 and 271.
271
Calculate the highest common divisor of 8 and 64352.
8
What is the greatest common factor of 5089 and 147?
7
What is the highest common divisor of 220 and 5683216?
44
Calculate the highest common factor of 13 and 8437.
13
What is the highest common factor of 114504 and 156?
156
Calculate the highest common divisor of 25128 and 6012.
36
What is the highest common divisor of 546 and 29094?
78
Calculate the highest common factor of 12797 and 186607.
191
What is the greatest common divisor of 929287 and 961?
961
Calculate the greatest common divisor of 2070 and 3565.
115
What is the greatest common divisor of 4701 and 81?
3
Calculate the highest common divisor of 7901322 and 286.
286
Calculate the greatest common factor of 1149632 and 142.
142
What is the greatest common divisor of 82750 and 670?
10
Calculate the greatest common factor of 99 and 554367.
33
Calculate the highest common divisor of 20265 and 735.
105
What is the greatest common divisor of 24980 and 240?
20
What is the highest common factor of 589808 and 573?
191
Calculate the highest common factor of 1154 and 128.
2
Calculate the highest common divisor of 4332 and 54.
6
Calculate the greatest common divisor of 9 and 13740.
3
Calculate the greatest common divisor of 2539 and 4.
1
Calculate the highest common factor of 23137 and 969.
17
Calculate the highest common divisor of 1300 and 22360.
260
Calculate the highest common divisor of 110574 and 30.
6
Calculate the highest common factor of 507 and 6695.
13
Calculate the highest common divisor of 11 and 2358763.
11
Calculate the greatest common divisor of 84693 and 9324.
777
Calculate the greatest common factor of 99 and 39567.
33
What is the highest common divisor of 4724 and 8?
4
Calculate the highest common divisor of 66552 and 1269.
141
Calculate the highest common divisor of 10353 and 27.
3
Calculate the highest common factor of 167016 and 1200.
24
What is the greatest common factor of 2006808 and 168?
24
Calculate the greatest common divisor of 122206 and 319.
29
What is the highest common factor of 151152 and 2948?
268
Calculate the greatest common divisor of 3030 and 168670.
1010
Calculate the greatest common divisor of 594 and 5724.
54
Calculate the highest common factor of 99781 and 5983.
193
What is the highest common factor of 2688 and 1034304?
192
What is the greatest common factor of 6557 and 3818?
83
What is the highest common factor of 13090 and 270?
10
What is the highest common divisor of 88844 and 1444?
76
Calculate the greatest common factor of 506 and 160842.
22
What is the highest common factor of 20247 and 734847?
1191
Calculate the highest common divisor of 194783 and 109.
109
Calculate the greatest common divisor of 3969 and 42021.
63
What is the highest common divisor of 5561 and 20569?
67
What is the highest common factor of 542421 and 495?
99
Calculate the greatest common factor of 1176610 and 194.
194
Calculate the greatest common factor of 960 and 2190.
30
Calculate the greatest common divisor of 1529176 and 968.
88
What is the highest common factor of 51 and 97529?
17
Calculate the greatest common divisor of 1824 and 3492.
12
What is the greatest common factor of 202700 and 675?
25
Calculate the highest common divisor of 2556 and 4593771.
639
What is the highest common divisor of 2817835 and 85?
85
What is the greatest common divisor of 230 and 1367672?
46
Calculate the greatest common divisor of 51530 and 4.
2
What is the highest common divisor of 360945 and 1170?
585
Calculate the highest common divisor of 597 and 484167.
597
What is the greatest common factor of 122215 and 5?
5
What is the greatest common factor of 11782 and 1204?
86
Calculate the greatest